{"id":368,"date":"2024-10-31T19:06:18","date_gmt":"2024-10-31T18:06:18","guid":{"rendered":"https:\/\/sylphagro.fr\/?page_id=368"},"modified":"2026-02-13T18:59:18","modified_gmt":"2026-02-13T17:59:18","slug":"tarifs","status":"publish","type":"page","link":"https:\/\/sylphagro.fr\/index.php\/tarifs\/","title":{"rendered":"Tarifs\/Pricing"},"content":{"rendered":"\n<p class=\"has-very-light-gray-to-cyan-bluish-gray-gradient-background has-background has-medium-font-size\"><strong>Tarifs au 1\/02\/2026<br>D&rsquo;autres analyses sont possibles, n&rsquo;h\u00e9sitez pas \u00e0 nous contacter!<\/strong><\/p>\n\n\n\n<p class=\"has-text-align-center has-black-color has-pale-cyan-blue-background-color has-text-color has-background has-link-color has-large-font-size wp-elements-ca848d75e1ade26cc49cd05ba057ffb1\">Prise de vue a\u00e9rienne<\/p>\n\n\n\n<table id=\"tablepress-8\" class=\"tablepress tablepress-id-8 tbody-has-connected-cells\">\n<thead>\n<tr class=\"row-1\">\n\t<th colspan=\"2\" class=\"column-1\"><span style=\"color:#FFFFFF;\"><strong>Prestations<\/strong><\/span><\/th><th class=\"column-3\"><span style=\"color:#FFFFFF;\"><strong>Prix unitaire <br \/>\n(\u20ac HT)<\/strong><\/span><\/th><td class=\"column-4\"><\/td><td class=\"column-5\"><\/td>\n<\/tr>\n<\/thead>\n<tbody class=\"row-striping row-hover\">\n<tr class=\"row-2\">\n\t<td class=\"column-1\"><strong>Prise en charge vol drone<\/strong><\/td><td class=\"column-2\"><strong>Pr\u00e9paration, r\u00e9alisation du vol et prise de vue<\/strong><br \/>\n&#8211; Planification du ou des vol(s) avec le client et demande des autorisations<br \/>\n&#8211; D\u00e9placement (pour un trajet aller-retour inf\u00e9rieur \u00e0 200 km de l&rsquo;entreprise)<br \/>\n&#8211; Vol r\u00e9alis\u00e9 par t\u00e9l\u00e9-pilote certifi\u00e9<br \/>\n&#8211; Prise de vue en lumi\u00e8re visible (RGB) et\/ou Multispectrale (4 bandes), avec positionnement RTK des images<br \/>\n&#8211; Compte-rendu des param\u00e8tres et conditions de vol et de prise de vue<br \/>\n&#8211; T\u00e9l\u00e9chargement des images brutes <\/td><td class=\"column-3\">350<\/td><td class=\"column-4\"><\/td><td class=\"column-5\"><em><\/em><\/td>\n<\/tr>\n<tr class=\"row-3\">\n\t<td class=\"column-1\"><strong>Vol additionnel<\/strong><\/td><td class=\"column-2\">Avec les m\u00eames caract\u00e9ristiques que le vol compris dans la prise en charge.<br \/>\nD\u00e9placement inclus si trajet aller-retour inf\u00e9rieur \u00e0 200 km de l&rsquo;entreprise<\/td><td class=\"column-3\">250<\/td><td class=\"column-4\"><\/td><td class=\"column-5\"><\/td>\n<\/tr>\n<tr class=\"row-4\">\n\t<td rowspan=\"3\" class=\"column-1\"><strong>D\u00e9placement<\/strong><\/td><td class=\"column-2\">Trajet aller-retour inf\u00e9rieur \u00e0 200 km de l&rsquo;entreprise (Grenade &#8211; 31)<\/td><td class=\"column-3\">inclus dans la prise en charge<\/td><td class=\"column-4\"><\/td><td class=\"column-5\"><\/td>\n<\/tr>\n<tr class=\"row-5\">\n\t<td class=\"column-2\">Trajet aller-retour entre 200 km et 500 km de l&rsquo;entreprise<\/td><td class=\"column-3\">0,665 par km<\/td><td class=\"column-4\"><\/td><td class=\"column-5\"><\/td>\n<\/tr>\n<tr class=\"row-6\">\n\t<td class=\"column-2\">Trajet aller-retour sup\u00e9rieur \u00e0 500 km de l&rsquo;entreprise<\/td><td class=\"column-3\">Nous consulter<\/td><td class=\"column-4\"><\/td><td class=\"column-5\"><\/td>\n<\/tr>\n<\/tbody>\n<\/table>\n<!-- #tablepress-8 from cache -->\n\n\n<p class=\"has-ast-global-color-5-color has-text-color has-link-color has-medium-font-size wp-elements-662b48bae73a0b5a6252695634a63980\">espace<\/p>\n\n\n\n<p class=\"has-text-align-center has-light-green-cyan-background-color has-background has-large-font-size\">Traitements et Analyses d&rsquo;Images<\/p>\n\n\n\n<table id=\"tablepress-7\" class=\"tablepress tablepress-id-7 tbody-has-connected-cells\">\n<thead>\n<tr class=\"row-1\">\n\t<th class=\"column-1\"><span style=\"color:#FFFFFF;\"><strong>Prestations<\/strong><\/span><\/th><th colspan=\"2\" class=\"column-2\"><span style=\"color:#FFFFFF;\"><strong>Prix unitaire (\u20ac HT)<\/strong><\/span><\/th><td class=\"column-4\"><\/td>\n<\/tr>\n<\/thead>\n<tbody class=\"row-striping row-hover\">\n<tr class=\"row-2\">\n\t<td class=\"column-1\">Orthomosa\u00efque RGB ou Multispectrale (format GeoTIFF)<\/td><td colspan=\"2\" class=\"column-2\">50<\/td><td class=\"column-4\"><\/td>\n<\/tr>\n<tr class=\"row-3\">\n\t<td class=\"column-1\">Acc\u00e8s priv\u00e9 aux orthomosa\u00efques et traitements sur une plateforme web<\/td><td colspan=\"2\" class=\"column-2\">inclus traitement et analyse d&rsquo;images<\/td><td class=\"column-4\"><\/td>\n<\/tr>\n<tr class=\"row-4\">\n\t<td class=\"column-1\"><\/td><td class=\"column-2\"><strong>par micro-parcelle (\u20ac HT)<\/strong><\/td><td class=\"column-3\"><strong>par hectare (\u20ac HT) (4)<\/strong><\/td><td class=\"column-4\"><\/td>\n<\/tr>\n<tr class=\"row-5\">\n\t<td class=\"column-1\">Couverture v\u00e9g\u00e9tation (1)<\/td><td class=\"column-2\">0.1<\/td><td class=\"column-3\">20<\/td><td class=\"column-4\"><\/td>\n<\/tr>\n<tr class=\"row-6\">\n\t<td class=\"column-1\">Indices de v\u00e9g\u00e9tation RGB (1)(2)<\/td><td class=\"column-2\">0.1<\/td><td class=\"column-3\">20<\/td><td class=\"column-4\"><\/td>\n<\/tr>\n<tr class=\"row-7\">\n\t<td class=\"column-1\">Indices de v\u00e9g\u00e9tation Multispectral (1)(2)<\/td><td class=\"column-2\">0.2<\/td><td class=\"column-3\">30<\/td><td class=\"column-4\"><\/td>\n<\/tr>\n<tr class=\"row-8\">\n\t<td class=\"column-1\">Comptage du nombre de plantes avec algorithme IA (1)<\/td><td class=\"column-2\">0.3<\/td><td class=\"column-3\">40<\/td><td class=\"column-4\"><\/td>\n<\/tr>\n<tr class=\"row-9\">\n\t<td class=\"column-1\">Cin\u00e9tique d&rsquo;\u00e9volution couverture v\u00e9g\u00e9tation, stay green ou maturation (1)(2)(3)<\/td><td class=\"column-2\">0.7<\/td><td class=\"column-3\">100<\/td><td class=\"column-4\"><\/td>\n<\/tr>\n<tr class=\"row-10\">\n\t<td class=\"column-1\"><\/td><td class=\"column-2\"><\/td><td class=\"column-3\"><\/td><td class=\"column-4\"><\/td>\n<\/tr>\n<tr class=\"row-11\">\n\t<td class=\"column-1\">(1) Inclus la vectorisation de parcelles ou micro-parcelles, et la restitution d&rsquo;un fichier .csv ou .xlsx<\/td><td class=\"column-2\"><\/td><td class=\"column-3\"><\/td><td class=\"column-4\"><\/td>\n<\/tr>\n<tr class=\"row-12\">\n\t<td class=\"column-1\">(2) 5 indices de v\u00e9g\u00e9tation en RGB et 10 indices en multispectral, indices suppl\u00e9mentaires sur demande<\/td><td class=\"column-2\"><\/td><td class=\"column-3\"><\/td><td class=\"column-4\"><\/td>\n<\/tr>\n<tr class=\"row-13\">\n\t<td class=\"column-1\">(3) tarif pour 4 dates de vol<\/td><td class=\"column-2\"><\/td><td class=\"column-3\"><\/td><td class=\"column-4\"><\/td>\n<\/tr>\n<tr class=\"row-14\">\n\t<td class=\"column-1\">(4) restitution selon grille 30x30m \u00e0 1x1m<\/td><td class=\"column-2\"><\/td><td class=\"column-3\"><\/td><td class=\"column-4\"><\/td>\n<\/tr>\n<\/tbody>\n<\/table>\n<!-- #tablepress-7 from cache -->\n\n\n<p><\/p>\n","protected":false},"excerpt":{"rendered":"<p>Tarifs au 1\/02\/2026D&rsquo;autres analyses sont possibles, n&rsquo;h\u00e9sitez pas \u00e0 nous contacter! Prise de vue a\u00e9rienne espace Traitements et Analyses d&rsquo;Images<\/p>\n","protected":false},"author":1,"featured_media":0,"parent":0,"menu_order":0,"comment_status":"closed","ping_status":"closed","template":"","meta":{"_monsterinsights_skip_tracking":false,"_monsterinsights_sitenote_active":false,"_monsterinsights_sitenote_note":"","_monsterinsights_sitenote_category":0,"site-sidebar-layout":"default","site-content-layout":"","ast-site-content-layout":"default","site-content-style":"default","site-sidebar-style":"default","ast-global-header-display":"","ast-banner-title-visibility":"","ast-main-header-display":"","ast-hfb-above-header-display":"","ast-hfb-below-header-display":"","ast-hfb-mobile-header-display":"","site-post-title":"","ast-breadcrumbs-content":"","ast-featured-img":"","footer-sml-layout":"","ast-disable-related-posts":"","theme-transparent-header-meta":"","adv-header-id-meta":"","stick-header-meta":"","header-above-stick-meta":"","header-main-stick-meta":"","header-below-stick-meta":"","astra-migrate-meta-layouts":"default","ast-page-background-enabled":"default","ast-page-background-meta":{"desktop":{"background-color":"var(--ast-global-color-4)","background-image":"","background-repeat":"repeat","background-position":"center center","background-size":"auto","background-attachment":"scroll","background-type":"","background-media":"","overlay-type":"","overlay-color":"","overlay-opacity":"","overlay-gradient":""},"tablet":{"background-color":"","background-image":"","background-repeat":"repeat","background-position":"center center","background-size":"auto","background-attachment":"scroll","background-type":"","background-media":"","overlay-type":"","overlay-color":"","overlay-opacity":"","overlay-gradient":""},"mobile":{"background-color":"","background-image":"","background-repeat":"repeat","background-position":"center center","background-size":"auto","background-attachment":"scroll","background-type":"","background-media":"","overlay-type":"","overlay-color":"","overlay-opacity":"","overlay-gradient":""}},"ast-content-background-meta":{"desktop":{"background-color":"var(--ast-global-color-5)","background-image":"","background-repeat":"repeat","background-position":"center center","background-size":"auto","background-attachment":"scroll","background-type":"","background-media":"","overlay-type":"","overlay-color":"","overlay-opacity":"","overlay-gradient":""},"tablet":{"background-color":"var(--ast-global-color-5)","background-image":"","background-repeat":"repeat","background-position":"center center","background-size":"auto","background-attachment":"scroll","background-type":"","background-media":"","overlay-type":"","overlay-color":"","overlay-opacity":"","overlay-gradient":""},"mobile":{"background-color":"var(--ast-global-color-5)","background-image":"","background-repeat":"repeat","background-position":"center center","background-size":"auto","background-attachment":"scroll","background-type":"","background-media":"","overlay-type":"","overlay-color":"","overlay-opacity":"","overlay-gradient":""}},"footnotes":""},"class_list":["post-368","page","type-page","status-publish","hentry"],"_links":{"self":[{"href":"https:\/\/sylphagro.fr\/index.php\/wp-json\/wp\/v2\/pages\/368","targetHints":{"allow":["GET"]}}],"collection":[{"href":"https:\/\/sylphagro.fr\/index.php\/wp-json\/wp\/v2\/pages"}],"about":[{"href":"https:\/\/sylphagro.fr\/index.php\/wp-json\/wp\/v2\/types\/page"}],"author":[{"embeddable":true,"href":"https:\/\/sylphagro.fr\/index.php\/wp-json\/wp\/v2\/users\/1"}],"replies":[{"embeddable":true,"href":"https:\/\/sylphagro.fr\/index.php\/wp-json\/wp\/v2\/comments?post=368"}],"version-history":[{"count":17,"href":"https:\/\/sylphagro.fr\/index.php\/wp-json\/wp\/v2\/pages\/368\/revisions"}],"predecessor-version":[{"id":767,"href":"https:\/\/sylphagro.fr\/index.php\/wp-json\/wp\/v2\/pages\/368\/revisions\/767"}],"wp:attachment":[{"href":"https:\/\/sylphagro.fr\/index.php\/wp-json\/wp\/v2\/media?parent=368"}],"curies":[{"name":"wp","href":"https:\/\/api.w.org\/{rel}","templated":true}]}}