{"id":35,"date":"2024-03-06T12:16:07","date_gmt":"2024-03-06T11:16:07","guid":{"rendered":"http:\/\/sylphai.cluster029.hosting.ovh.net\/?page_id=35"},"modified":"2026-04-08T16:19:19","modified_gmt":"2026-04-08T14:19:19","slug":"equipements","status":"publish","type":"page","link":"https:\/\/sylphagro.fr\/index.php\/drones\/equipements\/","title":{"rendered":"DJI Mavic 3M"},"content":{"rendered":"\n<p class=\"has-background has-medium-font-size\" style=\"background:linear-gradient(135deg,rgb(202,248,128) 23%,rgb(113,206,126) 71%)\"><strong>DJI Mavic 3 Multispectral<\/strong>&nbsp;<br>Une solution compacte et pr\u00e9cise, d\u00e9velopp\u00e9e sp\u00e9cifiquement pour l&rsquo;<strong>imagerie agricole<\/strong><\/p>\n\n\n\n<div class=\"wp-block-group is-layout-constrained wp-block-group-is-layout-constrained\">\n<div class=\"wp-block-group is-layout-constrained wp-block-group-is-layout-constrained\">\n<p class=\"has-pale-cyan-blue-background-color has-background\"><strong>Capteur photo RVB de 20 MP<\/strong> (millions de pixels) avec obturateur m\u00e9canique pour \u00e9viter le flou de mouvement<\/p>\n\n\n\n<p class=\"has-pale-cyan-blue-background-color has-background\"><strong>Prise de vue multispectrale <\/strong>\u00e0 l&rsquo;aide de 4 capteurs de 5 MP, donnant ainsi acc\u00e8s \u00e0 diff\u00e9rents indices de v\u00e9g\u00e9tation (NDVI, GNDVI, NDRE&#8230;)<br><strong>Vert<\/strong> (G) \u00e0 560 nm +- 16 nm,<br><strong>Rouge<\/strong> (R) \u00e0 650 nm +- 16 nm<br><strong>Bord Rouge<\/strong> (RE) \u00e0 730 nm +- 16 nm<br><strong>Infrarouge Proche<\/strong> (NIR) \u00e0 860 nm +- 26 nm<\/p>\n\n\n\n<p class=\"has-pale-cyan-blue-background-color has-background\">Le <strong>capteur de rayonnement solaire<\/strong> spectral d\u00e9tecte l&rsquo;irradiation solaire en temps r\u00e9el pour la compensation de l&rsquo;imagerie, maximisant ainsi la pr\u00e9cision des donn\u00e9es multispectrales recueillies.<\/p>\n\n\n\n<p class=\"has-ast-global-color-6-background-color has-background\">Le syst\u00e8me <strong>RTK<\/strong> int\u00e9gr\u00e9 permet, par une correction des donn\u00e9es GPS, un positionnement de pr\u00e9cision centim\u00e9trique des images.<\/p>\n\n\n\n<p class=\"has-light-green-cyan-background-color has-background\">Le vol est <strong>s\u00e9curis\u00e9<\/strong> par un syst\u00e8me de d\u00e9tection infrarouge et des syst\u00e8mes optiques omnidirectionnels. De plus le syst\u00e8me AirSense int\u00e9gr\u00e9 pr\u00e9vient de la pr\u00e9sence des appareils environnants dans l&rsquo;espace a\u00e9rien.<\/p>\n<\/div>\n<\/div>\n\n\n\n<p class=\"has-pale-cyan-blue-background-color has-background has-medium-font-size\"><a href=\"https:\/\/ag.dji.com\/fr\/mavic-3-m\" target=\"_blank\" rel=\"noreferrer noopener\">Pr\u00e9sentation du Mavic 3M sur le site DJI<\/a><\/p>\n\n\n\n<figure class=\"wp-block-embed is-type-video is-provider-youtube wp-block-embed-youtube wp-embed-aspect-16-9 wp-has-aspect-ratio\" style=\"margin-top:0;margin-bottom:0\"><div class=\"wp-block-embed__wrapper\">\n<iframe title=\"Introducing DJI Mavic 3 Multispectral\" width=\"500\" height=\"281\" src=\"https:\/\/www.youtube.com\/embed\/4f8NiLApHLk?feature=oembed\" frameborder=\"0\" allow=\"accelerometer; autoplay; clipboard-write; encrypted-media; gyroscope; picture-in-picture; web-share\" referrerpolicy=\"strict-origin-when-cross-origin\" allowfullscreen><\/iframe>\n<\/div><\/figure>\n","protected":false},"excerpt":{"rendered":"<p>DJI Mavic 3 Multispectral&nbsp;Une solution compacte et pr\u00e9cise, d\u00e9velopp\u00e9e sp\u00e9cifiquement pour l&rsquo;imagerie agricole Capteur photo RVB de 20 MP (millions [&hellip;]<\/p>\n","protected":false},"author":1,"featured_media":0,"parent":780,"menu_order":1,"comment_status":"closed","ping_status":"closed","template":"","meta":{"_monsterinsights_skip_tracking":false,"_monsterinsights_sitenote_active":false,"_monsterinsights_sitenote_note":"","_monsterinsights_sitenote_category":0,"site-sidebar-layout":"default","site-content-layout":"","ast-site-content-layout":"default","site-content-style":"default","site-sidebar-style":"default","ast-global-header-display":"","ast-banner-title-visibility":"","ast-main-header-display":"","ast-hfb-above-header-display":"","ast-hfb-below-header-display":"","ast-hfb-mobile-header-display":"","site-post-title":"","ast-breadcrumbs-content":"","ast-featured-img":"","footer-sml-layout":"","ast-disable-related-posts":"","theme-transparent-header-meta":"","adv-header-id-meta":"","stick-header-meta":"","header-above-stick-meta":"","header-main-stick-meta":"","header-below-stick-meta":"","astra-migrate-meta-layouts":"default","ast-page-background-enabled":"default","ast-page-background-meta":{"desktop":{"background-color":"var(--ast-global-color-4)","background-image":"","background-repeat":"repeat","background-position":"center center","background-size":"auto","background-attachment":"scroll","background-type":"","background-media":"","overlay-type":"","overlay-color":"","overlay-opacity":"","overlay-gradient":""},"tablet":{"background-color":"","background-image":"","background-repeat":"repeat","background-position":"center center","background-size":"auto","background-attachment":"scroll","background-type":"","background-media":"","overlay-type":"","overlay-color":"","overlay-opacity":"","overlay-gradient":""},"mobile":{"background-color":"","background-image":"","background-repeat":"repeat","background-position":"center center","background-size":"auto","background-attachment":"scroll","background-type":"","background-media":"","overlay-type":"","overlay-color":"","overlay-opacity":"","overlay-gradient":""}},"ast-content-background-meta":{"desktop":{"background-color":"var(--ast-global-color-5)","background-image":"","background-repeat":"repeat","background-position":"center center","background-size":"auto","background-attachment":"scroll","background-type":"","background-media":"","overlay-type":"","overlay-color":"","overlay-opacity":"","overlay-gradient":""},"tablet":{"background-color":"var(--ast-global-color-5)","background-image":"","background-repeat":"repeat","background-position":"center center","background-size":"auto","background-attachment":"scroll","background-type":"","background-media":"","overlay-type":"","overlay-color":"","overlay-opacity":"","overlay-gradient":""},"mobile":{"background-color":"var(--ast-global-color-5)","background-image":"","background-repeat":"repeat","background-position":"center center","background-size":"auto","background-attachment":"scroll","background-type":"","background-media":"","overlay-type":"","overlay-color":"","overlay-opacity":"","overlay-gradient":""}},"footnotes":""},"class_list":["post-35","page","type-page","status-publish","hentry"],"_links":{"self":[{"href":"https:\/\/sylphagro.fr\/index.php\/wp-json\/wp\/v2\/pages\/35","targetHints":{"allow":["GET"]}}],"collection":[{"href":"https:\/\/sylphagro.fr\/index.php\/wp-json\/wp\/v2\/pages"}],"about":[{"href":"https:\/\/sylphagro.fr\/index.php\/wp-json\/wp\/v2\/types\/page"}],"author":[{"embeddable":true,"href":"https:\/\/sylphagro.fr\/index.php\/wp-json\/wp\/v2\/users\/1"}],"replies":[{"embeddable":true,"href":"https:\/\/sylphagro.fr\/index.php\/wp-json\/wp\/v2\/comments?post=35"}],"version-history":[{"count":13,"href":"https:\/\/sylphagro.fr\/index.php\/wp-json\/wp\/v2\/pages\/35\/revisions"}],"predecessor-version":[{"id":813,"href":"https:\/\/sylphagro.fr\/index.php\/wp-json\/wp\/v2\/pages\/35\/revisions\/813"}],"up":[{"embeddable":true,"href":"https:\/\/sylphagro.fr\/index.php\/wp-json\/wp\/v2\/pages\/780"}],"wp:attachment":[{"href":"https:\/\/sylphagro.fr\/index.php\/wp-json\/wp\/v2\/media?parent=35"}],"curies":[{"name":"wp","href":"https:\/\/api.w.org\/{rel}","templated":true}]}}